{"id":828,"date":"2018-08-29T19:31:37","date_gmt":"2018-08-29T22:31:37","guid":{"rendered":"https:\/\/isfd110-bue.infd.edu.ar\/sitio\/estudiantes\/"},"modified":"2024-11-01T16:45:15","modified_gmt":"2024-11-01T19:45:15","slug":"estudiantes","status":"publish","type":"page","link":"https:\/\/isfd110-bue.infd.edu.ar\/sitio\/estudiantes\/","title":{"rendered":"Estudiantes"},"content":{"rendered":"<h3><img decoding=\"async\" loading=\"lazy\" class=\"alignnone wp-image-3589 size-medium\" src=\"https:\/\/isfd110-bue.infd.edu.ar\/sitio\/wp-content\/uploads\/2024\/11\/DOC-20241031-WA0052-1000x734.jpg\" alt=\"\" width=\"1000\" height=\"734\" srcset=\"https:\/\/isfd110-bue.infd.edu.ar\/sitio\/wp-content\/uploads\/2024\/11\/DOC-20241031-WA0052-1000x734.jpg 1000w, https:\/\/isfd110-bue.infd.edu.ar\/sitio\/wp-content\/uploads\/2024\/11\/DOC-20241031-WA0052-768x564.jpg 768w, https:\/\/isfd110-bue.infd.edu.ar\/sitio\/wp-content\/uploads\/2024\/11\/DOC-20241031-WA0052-1536x1128.jpg 1536w, https:\/\/isfd110-bue.infd.edu.ar\/sitio\/wp-content\/uploads\/2024\/11\/DOC-20241031-WA0052.jpg 1682w\" sizes=\"(max-width: 1000px) 100vw, 1000px\" \/><\/h3>\n<h6>Para comunicarse con el equipo directivo pueden dirigirse en los horarios que se encuentran publicados, tambi\u00e9n pueden presentar una nota en preceptor\u00eda solicitando una entrevista.<\/h6>\n<h6>Para comunicarse con su preceptor: pueden asistir presencialmente en los horarios de cursada, de ser necesario pueden comunicarse al correo general de preceptor\u00eda informando la situaci\u00f3n y la consulta: preceptoriariglos110@gmail.com pero recordando que la prioridad es la atenci\u00f3n presencial.<\/h6>\n<hr \/>\n<div class=\"gmail_default\">Sede de <strong>atenci\u00f3n inspector de Educaci\u00f3n Superior Lic. Mariano Chalupa<\/strong>\u00a0 en el 1er piso del ISFD 110\u00a0<em><span style=\"color: #000000;\">\u00abMercedes de Lasala y Riglos\u00bb\u00a0<\/span><\/em>de M<span style=\"font-family: tahoma, sans-serif;\">oreno ubicado en calle\u00a0Vicente L\u00f3pez y Planes 251 \u2013 Moreno.\u00a0<\/span><\/div>\n<div class=\"gmail_default\"><span style=\"font-family: tahoma, sans-serif;\">D\u00edas\u00a0y horarios de atenci\u00f3n: mi\u00e9rcoles de 10 a 12 hs. Correo para concertar entrevista es:\u00a0<a href=\"mailto:mchalupa@abc.gob.ar\" target=\"_blank\" rel=\"noopener\">mchalupa@abc.gob.ar<\/a><\/span><\/div>\n","protected":false},"excerpt":{"rendered":"<p>Para comunicarse con el equipo directivo pueden dirigirse en los horarios que se encuentran publicados, tambi\u00e9n pueden presentar una nota en preceptor\u00eda solicitando una entrevista. Para comunicarse con su preceptor: pueden asistir presencialmente en los horarios de cursada, de ser necesario pueden comunicarse al correo general de preceptor\u00eda informando la situaci\u00f3n y la consulta: preceptoriariglos110@gmail.com &#8230; <a title=\"Estudiantes\" class=\"read-more\" href=\"https:\/\/isfd110-bue.infd.edu.ar\/sitio\/estudiantes\/\" aria-label=\"More on Estudiantes\">[+]<\/a><\/p>\n","protected":false},"author":23,"featured_media":0,"parent":0,"menu_order":0,"comment_status":"closed","ping_status":"closed","template":"","meta":[],"acf":[],"_links":{"self":[{"href":"https:\/\/isfd110-bue.infd.edu.ar\/sitio\/wp-json\/wp\/v2\/pages\/828"}],"collection":[{"href":"https:\/\/isfd110-bue.infd.edu.ar\/sitio\/wp-json\/wp\/v2\/pages"}],"about":[{"href":"https:\/\/isfd110-bue.infd.edu.ar\/sitio\/wp-json\/wp\/v2\/types\/page"}],"author":[{"embeddable":true,"href":"https:\/\/isfd110-bue.infd.edu.ar\/sitio\/wp-json\/wp\/v2\/users\/23"}],"replies":[{"embeddable":true,"href":"https:\/\/isfd110-bue.infd.edu.ar\/sitio\/wp-json\/wp\/v2\/comments?post=828"}],"version-history":[{"count":42,"href":"https:\/\/isfd110-bue.infd.edu.ar\/sitio\/wp-json\/wp\/v2\/pages\/828\/revisions"}],"predecessor-version":[{"id":3590,"href":"https:\/\/isfd110-bue.infd.edu.ar\/sitio\/wp-json\/wp\/v2\/pages\/828\/revisions\/3590"}],"wp:attachment":[{"href":"https:\/\/isfd110-bue.infd.edu.ar\/sitio\/wp-json\/wp\/v2\/media?parent=828"}],"curies":[{"name":"wp","href":"https:\/\/api.w.org\/{rel}","templated":true}]}}