{"id":806,"date":"2018-08-29T19:31:28","date_gmt":"2018-08-29T22:31:28","guid":{"rendered":"https:\/\/isfd110-bue.infd.edu.ar\/sitio\/normativa\/"},"modified":"2018-10-06T17:00:02","modified_gmt":"2018-10-06T20:00:02","slug":"normativa","status":"publish","type":"page","link":"https:\/\/isfd110-bue.infd.edu.ar\/sitio\/normativa\/","title":{"rendered":"Normativa"},"content":{"rendered":"<p>&nbsp;<\/p>\n<p><a href=\"https:\/\/isfd110-bue.infd.edu.ar\/sitio\/wp-content\/uploads\/2018\/10\/dise\u00f1o-curricular-para-la-educaci\u00f3n-superior-nivel-inicial-y-primario.pdf\">dise\u00f1o curricular para la educaci\u00f3n superior nivel inicial y primario<\/a><\/p>\n<p><a href=\"https:\/\/isfd110-bue.infd.edu.ar\/sitio\/wp-content\/uploads\/2018\/10\/RESOLUCI\u00d3N-5886-cobertura-de-c\u00e1tedras-en-el-nivel-superior-a\u00f1o-2003.pdf\">RESOLUCI\u00d3N 5886 cobertura de c\u00e1tedras en el nivel superior a\u00f1o 2003<\/a><\/p>\n<p><a href=\"https:\/\/isfd110-bue.infd.edu.ar\/sitio\/wp-content\/uploads\/2018\/10\/LEY-N\u00b0-26.206-LEY-DE-EDUCACI\u00d3N-NACIONAL.pdf\">LEY N\u00b0 26.206 LEY DE EDUCACI\u00d3N NACIONAL<\/a><\/p>\n<p><a href=\"https:\/\/isfd110-bue.infd.edu.ar\/sitio\/wp-content\/uploads\/2018\/10\/Disposicion-30-05-Instructivo-confeccion-Proyectos-de-Catedra.doc\">Disposicion 30-05 &#8211; Instructivo confeccion Proyectos de Catedra<\/a><\/p>\n<p><a href=\"https:\/\/isfd110-bue.infd.edu.ar\/sitio\/wp-content\/uploads\/2018\/10\/ley-24521-EDUCACION-SUPERIOR.pdf\">LEY NACIONAL DE EDUCACI\u00d3N SUPERIOR 24521<\/a><\/p>\n<p><a href=\"https:\/\/isfd110-bue.infd.edu.ar\/sitio\/wp-content\/uploads\/2018\/10\/2947_05-Unidades-Acad\u00e9micas.pdf\">2947_05 Unidades Acad\u00e9micas<\/a><\/p>\n<p><a href=\"https:\/\/isfd110-bue.infd.edu.ar\/sitio\/wp-content\/uploads\/2018\/10\/Disposicion-77-04-PRECEPTORES-Superior.pdf\">Disposicion-77-04-PRECEPTORES-Superior<\/a><\/p>\n<p><a href=\"https:\/\/isfd110-bue.infd.edu.ar\/sitio\/wp-content\/uploads\/2018\/10\/2011_Disposicion-12-Trayectos-formativos-opcionales-TAFOS.pdf\">2011_Disposicion-12-Trayectos formativos opcionales TAFOS<\/a><\/p>\n<p><a href=\"https:\/\/isfd110-bue.infd.edu.ar\/sitio\/wp-content\/uploads\/2018\/10\/4900-centro-de-estudiantes.pdf\">4900 centro de estudiantes<\/a><\/p>\n<p><a href=\"https:\/\/isfd110-bue.infd.edu.ar\/sitio\/wp-content\/uploads\/2018\/10\/Resolucion-2383-05-Reglamento-de-Institutos-Superiores.doc\">Resolucion 2383-05 &#8211; Reglamento de Institutos Superiores<\/a><\/p>\n<p><a href=\"https:\/\/isfd110-bue.infd.edu.ar\/sitio\/wp-content\/uploads\/2018\/10\/Resoluci\u00f3n-4043-a\u00f1o-2009-Regimen-academico-marco.docx\">Resoluci\u00f3n 4043 a\u00f1o 2009 Regimen academico marco<\/a><\/p>\n<p><a href=\"https:\/\/isfd110-bue.infd.edu.ar\/sitio\/wp-content\/uploads\/2018\/10\/ley_10579.pdf\">ley_10579<\/a><\/p>\n<p><a href=\"https:\/\/isfd110-bue.infd.edu.ar\/sitio\/wp-content\/uploads\/2018\/10\/reglamento_general_de_las_instituciones_educativas.pdf\">Reglamento general de las instituciones educativas de la provincia de Buenos Aires (a\u00f1o 2011)<\/a><\/p>\n<p><a href=\"https:\/\/isfd110-bue.infd.edu.ar\/sitio\/wp-content\/uploads\/2018\/10\/Ley-13.688-Educacion-Provincial.doc\">Ley 13.688 &#8211; Educacion Provincial<\/a><\/p>\n<p><a href=\"https:\/\/isfd110-bue.infd.edu.ar\/sitio\/wp-content\/uploads\/2018\/10\/resoluci\u00f3n-4044-CAI.pdf\">resoluci\u00f3n 4044 CAI<\/a><\/p>\n<p>&nbsp;<\/p>\n","protected":false},"excerpt":{"rendered":"<p>&nbsp; dise\u00f1o curricular para la educaci\u00f3n superior nivel inicial y primario RESOLUCI\u00d3N 5886 cobertura de c\u00e1tedras en el nivel superior a\u00f1o 2003 LEY N\u00b0 26.206 LEY DE EDUCACI\u00d3N NACIONAL Disposicion 30-05 &#8211; Instructivo confeccion Proyectos de Catedra LEY NACIONAL DE EDUCACI\u00d3N SUPERIOR 24521 2947_05 Unidades Acad\u00e9micas Disposicion-77-04-PRECEPTORES-Superior 2011_Disposicion-12-Trayectos formativos opcionales TAFOS 4900 centro de estudiantes &#8230; <a title=\"Normativa\" class=\"read-more\" href=\"https:\/\/isfd110-bue.infd.edu.ar\/sitio\/normativa\/\" aria-label=\"More on Normativa\">[+]<\/a><\/p>\n","protected":false},"author":23,"featured_media":0,"parent":0,"menu_order":0,"comment_status":"closed","ping_status":"closed","template":"","meta":[],"acf":[],"_links":{"self":[{"href":"https:\/\/isfd110-bue.infd.edu.ar\/sitio\/wp-json\/wp\/v2\/pages\/806"}],"collection":[{"href":"https:\/\/isfd110-bue.infd.edu.ar\/sitio\/wp-json\/wp\/v2\/pages"}],"about":[{"href":"https:\/\/isfd110-bue.infd.edu.ar\/sitio\/wp-json\/wp\/v2\/types\/page"}],"author":[{"embeddable":true,"href":"https:\/\/isfd110-bue.infd.edu.ar\/sitio\/wp-json\/wp\/v2\/users\/23"}],"replies":[{"embeddable":true,"href":"https:\/\/isfd110-bue.infd.edu.ar\/sitio\/wp-json\/wp\/v2\/comments?post=806"}],"version-history":[{"count":2,"href":"https:\/\/isfd110-bue.infd.edu.ar\/sitio\/wp-json\/wp\/v2\/pages\/806\/revisions"}],"predecessor-version":[{"id":867,"href":"https:\/\/isfd110-bue.infd.edu.ar\/sitio\/wp-json\/wp\/v2\/pages\/806\/revisions\/867"}],"wp:attachment":[{"href":"https:\/\/isfd110-bue.infd.edu.ar\/sitio\/wp-json\/wp\/v2\/media?parent=806"}],"curies":[{"name":"wp","href":"https:\/\/api.w.org\/{rel}","templated":true}]}}